{"id":18,"date":"2018-08-10T03:53:51","date_gmt":"2018-08-10T03:53:51","guid":{"rendered":"https:\/\/flyingsquirrelsports.pe\/calgary-alberta\/?page_id=18"},"modified":"2022-01-20T19:23:27","modified_gmt":"2022-01-20T19:23:27","slug":"home","status":"publish","type":"page","link":"https:\/\/flyingsquirrelsports.pe\/lima-peru\/","title":{"rendered":"Home"},"content":{"rendered":"\n\n\t\t\t\t<a href=\"https:\/\/flyingsquirrelsports.pe\/lima-peru\/\" target=\"_self\" itemprop=\"url\" rel=\"noopener\">\n\t\t\t\t<img loading=\"lazy\" decoding=\"async\" src=\"https:\/\/flyingsquirrelsports.pe\/lima-peru\/wp-content\/uploads\/sites\/3\/2021\/11\/Lima-FS-Logo.png\" alt=\"Lima FS Logo\" itemprop=\"image\" height=\"222\" width=\"1143\" title=\"Lima FS Logo\" onerror=\"this.style.display='none'\"  \/>\n\t\t\t\t<\/a>\n\t   \t<ul id=\"menu-main-navigation\"><li id=\"menu-item-413\"><a href=\"https:\/\/flyingsquirrelsports.pe\" tabindex=\"0\" role=\"link\">Peru Home<\/a><\/li>\n<li id=\"menu-item-40\"><a href=\"https:\/\/flyingsquirrelsports.pe\/lima-peru\/\" aria-current=\"page\" tabindex=\"0\" role=\"link\">Lima<\/a><\/li>\n<li id=\"menu-item-412\"><a href=\"https:\/\/flyingsquirrelsports.pe\/lima-peru\/tickets\/\" tabindex=\"0\" role=\"link\">Boletos de Entrada<\/a><\/li>\n<li id=\"menu-item-411\"><a href=\"https:\/\/flyingsquirrelsports.pe\/lima-peru\/restrictions\/\" tabindex=\"0\" role=\"link\">Restrictions<\/a><\/li>\n<li id=\"menu-item-904\"><a href=\"https:\/\/flyingsquirrelsports.pe\/lima-peru\/attractions\/\" tabindex=\"0\" role=\"link\">Atracciones<\/a><\/li>\n<li id=\"menu-item-36\"><a href=\"https:\/\/flyingsquirrelsports.pe\/lima-peru\/contact-us\/\" tabindex=\"0\" role=\"link\">Cont\u00e1ctanos<\/a><\/li>\n<\/ul>\n\t\t<a href=\"javascript:void(0)\">\u00d7<\/a>\n\t\t<ul id=\"menu-main-navigation-1\"><li id=\"menu-item-413\"><a href=\"https:\/\/flyingsquirrelsports.pe\" tabindex=\"0\" role=\"link\">Peru Home<\/a><\/li>\n<li id=\"menu-item-40\"><a href=\"https:\/\/flyingsquirrelsports.pe\/lima-peru\/\" aria-current=\"page\" tabindex=\"0\" role=\"link\">Lima<\/a><\/li>\n<li id=\"menu-item-412\"><a href=\"https:\/\/flyingsquirrelsports.pe\/lima-peru\/tickets\/\" tabindex=\"0\" role=\"link\">Boletos de Entrada<\/a><\/li>\n<li id=\"menu-item-411\"><a href=\"https:\/\/flyingsquirrelsports.pe\/lima-peru\/restrictions\/\" tabindex=\"0\" role=\"link\">Restrictions<\/a><\/li>\n<li id=\"menu-item-904\"><a href=\"https:\/\/flyingsquirrelsports.pe\/lima-peru\/attractions\/\" tabindex=\"0\" role=\"link\">Atracciones<\/a><\/li>\n<li id=\"menu-item-36\"><a href=\"https:\/\/flyingsquirrelsports.pe\/lima-peru\/contact-us\/\" tabindex=\"0\" role=\"link\">Cont\u00e1ctanos<\/a><\/li>\n<\/ul>\n\t\t\t\t<img decoding=\"async\" src=\"https:\/\/flyingsquirrelsports.us\/missoula-montana\/wp-content\/uploads\/sites\/2\/2020\/05\/head.png\" alt=\"\" itemprop=\"image\" onerror=\"this.style.display='none'\"  \/>\n<h1>\n\t\tLIMA PERU\n\t<\/h1>\n<h3>\n\t\tINFLATABLE PARK\n\t<\/h3>\n\t\t\t<a href=\"https:\/\/flyingsquirrelsports.pe\/lima-peru\/tickets\/\" target=\"_self\" role=\"button\" rel=\"noopener\">\n\t\t\t\t\t\t\tENTRADAS\n\t\t\t\t\t<\/a>\n\t\t\t<a href=\"https:\/\/flyingsquirrelsports.pe\/lima-peru\/parties\/\" target=\"_self\" role=\"button\" rel=\"noopener\">\n\t\t\t\t\t\t\tFIESTAS\n\t\t\t\t\t<\/a>\n\t<iframe allowfullscreen allow=\"autoplay\" src=\"https:\/\/www.youtube.com\/embed\/Ta-fdEaSWI8?feature=oembed&amp;autoplay=1&amp;playlist=Ta-fdEaSWI8&amp;start&amp;end&amp;wmode=opaque&amp;loop=1&amp;controls=1&amp;mute=0&amp;rel=0&amp;modestbranding=0\"><\/iframe>\t\n<h2>\n\t\tENTRADA<br \/>GENERAL\n\t<\/h2>\n\t<p>Disfruta de nuestra \u00fanica experiencia FLYING SQUIRREL<\/p>\n<h2>\n\t\tS\/ 35 Soles \/ 30 minutos\n\t<\/h2>\n\t\t\t\t<a href=\"https:\/\/flyingsquirrelsports.pe\/lima-peru\" target=\"_self\" itemprop=\"url\" rel=\"noopener\">\n\t\t\t\t<img loading=\"lazy\" decoding=\"async\" src=\"https:\/\/flyingsquirrelsports.pe\/lima-peru\/wp-content\/uploads\/sites\/3\/2021\/11\/Lima-FS-Logo.png\" alt=\"Lima FS Logo\" itemprop=\"image\" height=\"222\" width=\"1143\" title=\"Lima FS Logo\" onerror=\"this.style.display='none'\"  \/>\n\t\t\t\t<\/a>\n\t\t<link itemprop=\"url\" href=\"https:\/\/flyingsquirrelsports.pe\/lima-peru\"\/>\n\t\t<a itemprop=\"sameAs\" href=\"https:\/\/www.facebook.com\/FlyingsquirrelLima\/\" target=\"_blank\" title=\"\" aria-label=\"\" role=\"button\" rel=\"noopener\">\n\t\t\t\t\t<\/a>\n\t\t<link itemprop=\"url\" href=\"https:\/\/flyingsquirrelsports.pe\/lima-peru\"\/>\n\t\t<a itemprop=\"sameAs\" href=\"https:\/\/www.instagram.com\/flyingsquirrellima\/\" target=\"_self\" title=\"\" aria-label=\"\" role=\"button\" rel=\"noopener\">\n\t\t\t\t\t<\/a>\n\t<p>HORARIO DE ATENCION<\/p>\n\tLUNES A DOMINGO<br \/>\n*Mayor informaci\u00f3n de horarios visitar FACEBOOK &#8211; INSTAGRAM\n\t<p>SIGUENOS EN<\/p>\n\t<p>Flying Squirrel Peru en nuestras redes sociales, donde encontraras novedades y ofertas especiales, no te lo pierdas!<\/p>\n\t   \t<ul id=\"menu-main-navigation-2\"><li id=\"menu-item-413\"><a href=\"https:\/\/flyingsquirrelsports.pe\" tabindex=\"0\" role=\"link\">Peru Home<\/a><\/li>\n<li id=\"menu-item-40\"><a href=\"https:\/\/flyingsquirrelsports.pe\/lima-peru\/\" aria-current=\"page\" tabindex=\"0\" role=\"link\">Lima<\/a><\/li>\n<li id=\"menu-item-412\"><a href=\"https:\/\/flyingsquirrelsports.pe\/lima-peru\/tickets\/\" tabindex=\"0\" role=\"link\">Boletos de Entrada<\/a><\/li>\n<li id=\"menu-item-411\"><a href=\"https:\/\/flyingsquirrelsports.pe\/lima-peru\/restrictions\/\" tabindex=\"0\" role=\"link\">Restrictions<\/a><\/li>\n<li id=\"menu-item-904\"><a href=\"https:\/\/flyingsquirrelsports.pe\/lima-peru\/attractions\/\" tabindex=\"0\" role=\"link\">Atracciones<\/a><\/li>\n<li id=\"menu-item-36\"><a href=\"https:\/\/flyingsquirrelsports.pe\/lima-peru\/contact-us\/\" tabindex=\"0\" role=\"link\">Cont\u00e1ctanos<\/a><\/li>\n<\/ul>\n\t\n\n","protected":false},"excerpt":{"rendered":"<p>Peru Home Lima Boletos de Entrada Restrictions Atracciones Cont\u00e1ctanos \u00d7 Peru Home Lima Boletos de Entrada Restrictions Atracciones Cont\u00e1ctanos LIMA PERU INFLATABLE PARK ENTRADAS FIESTAS ENTRADAGENERAL Disfruta de nuestra \u00fanica experiencia FLYING SQUIRREL S\/ 35 Soles \/ 30 minutos HORARIO DE ATENCION LUNES A DOMINGO *Mayor informaci\u00f3n de horarios visitar FACEBOOK &#8211; INSTAGRAM SIGUENOS EN&hellip;<\/p>\n","protected":false},"author":3,"featured_media":0,"parent":0,"menu_order":0,"comment_status":"closed","ping_status":"closed","template":"tpl-no-header-footer.php","meta":{"footnotes":""},"class_list":["post-18","page","type-page","status-publish","hentry"],"_links":{"self":[{"href":"https:\/\/flyingsquirrelsports.pe\/lima-peru\/wp-json\/wp\/v2\/pages\/18","targetHints":{"allow":["GET"]}}],"collection":[{"href":"https:\/\/flyingsquirrelsports.pe\/lima-peru\/wp-json\/wp\/v2\/pages"}],"about":[{"href":"https:\/\/flyingsquirrelsports.pe\/lima-peru\/wp-json\/wp\/v2\/types\/page"}],"author":[{"embeddable":true,"href":"https:\/\/flyingsquirrelsports.pe\/lima-peru\/wp-json\/wp\/v2\/users\/3"}],"replies":[{"embeddable":true,"href":"https:\/\/flyingsquirrelsports.pe\/lima-peru\/wp-json\/wp\/v2\/comments?post=18"}],"version-history":[{"count":0,"href":"https:\/\/flyingsquirrelsports.pe\/lima-peru\/wp-json\/wp\/v2\/pages\/18\/revisions"}],"wp:attachment":[{"href":"https:\/\/flyingsquirrelsports.pe\/lima-peru\/wp-json\/wp\/v2\/media?parent=18"}],"curies":[{"name":"wp","href":"https:\/\/api.w.org\/{rel}","templated":true}]}}