{"id":265,"date":"2018-10-01T18:47:23","date_gmt":"2018-10-01T18:47:23","guid":{"rendered":"https:\/\/flyingsquirrelsports.pe\/calgary-alberta\/?page_id=265"},"modified":"2019-01-16T22:44:32","modified_gmt":"2019-01-16T22:44:32","slug":"safety","status":"publish","type":"page","link":"https:\/\/flyingsquirrelsports.pe\/lima-peru\/safety\/","title":{"rendered":"Safety"},"content":{"rendered":"<p>\t\tMenu\t\t\t<\/p>\n<ul id=\"menu-main-navigation\">\n<li id=\"menu-item-413\"><a href=\"https:\/\/flyingsquirrelsports.pe\">Colombia Home<\/a><\/li>\n<li id=\"menu-item-40\"><a href=\"https:\/\/flyingsquirrelsports.pe\/lima-peru\/\">Medell\u00edn<\/a><\/li>\n<li id=\"menu-item-412\"><a href=\"https:\/\/flyingsquirrelsports.pe\/lima-peru\/tickets\/\">Tickets<\/a><\/li>\n<li id=\"menu-item-411\"><a href=\"https:\/\/flyingsquirrelsports.pe\/lima-peru\/parties\/\">Parties<\/a><\/li>\n<li id=\"menu-item-249\"><a href=\"#\">Extras<\/a>\n<ul>\n<li id=\"menu-item-47\"><a href=\"https:\/\/flyingsquirrelsports.pe\/lima-peru\/about\/\">Sobre Nosotros<\/a><\/li>\n<li id=\"menu-item-266\"><a href=\"https:\/\/flyingsquirrelsports.pe\/lima-peru\/safety\/\">Safety<\/a><\/li>\n<li id=\"menu-item-320\"><a href=\"https:\/\/flyingsquirrelsports.pe\/lima-peru\/attractions\/\">Attractions<\/a><\/li>\n<li id=\"menu-item-248\"><a href=\"https:\/\/flyingsquirrelsports.pe\/lima-peru\/faq\/\">FAQ<\/a><\/li>\n<li id=\"menu-item-253\"><a href=\"https:\/\/flyingsquirrelsports.pe\/lima-peru\/restaurant-menu\/\">Restaurant Menu<\/a><\/li>\n<li id=\"menu-item-258\"><a href=\"https:\/\/flyingsquirrelsports.pe\/lima-peru\/party-invitations\/\">Invitations<\/a><\/li>\n<li id=\"menu-item-267\"><a href=\"https:\/\/flyingsquirrelsports.pe\/lima-peru\/employment\/\">Employment<\/a><\/li>\n<li id=\"menu-item-36\"><a href=\"https:\/\/flyingsquirrelsports.pe\/lima-peru\/contact-us\/\">Contact<\/a><\/li>\n<\/ul>\n<\/li>\n<\/ul>\n<h1>Seguridad<\/h1>\n<p>  <iframe loading=\"lazy\" src=\"https:\/\/player.vimeo.com\/video\/304466264\" width=\"640\" height=\"360\" frameborder=\"0\" webkitallowfullscreen mozallowfullscreen allowfullscreen><\/iframe><\/p>\n<p>La seguridad es nuestra prioridad n\u00famero uno en Flying Squirrel Sports. Nuestras atracciones est\u00e1n dentro de las mas seguras en la industria, el parque utiliza un sistema de seguridad de impacto en trampolines patentado por nosotros. Este sistema patentado incrementa significativamente la seguridad en los trampolines sin disminuir la diversi\u00f3n de nuestros vistantes. Nuestro personal est\u00e1 entrenado con los mejores y m\u00e1s recientes procedimientos de seguridad y nuestra tripulaci\u00f3n de vuelo est\u00e1 presente a trav\u00e9s de todo el parque para asegurarse que todos los visitantes cumplan las reglas del parque. Adem\u00e1s, en nuestras instalaciones se realizan inspecciones de seguridad diarias, semanales, mensuales y semestrales. Animate a volar con nostros&#8230; De forma segura!<\/p>\n<h4>Reglas Generales<\/h4>\n<h2>REGLAS GENERALES<\/h2>\n<h3>Asunci\u00f3n de riesgo<\/h3>\n<p>La participaci\u00f3n en actividades de trampol\u00edn es un actividad relacional inherentemente peligrosa y tiene un nivel de riesgos que cada visitante debe evaluar por si mismo. Al utilizar nuestras instalaciones, usted est\u00e1 asumiendo un riesgo de una lesi\u00f3n grave e incluso la muerte. Por su seguridad, usted debe est\u00e1r en buenas condiciones de salud, no tener problemas de presi\u00f3n arterial alta, problemas de coraz\u00f3n, espalda, cuello, articulaciones, o cualquier otra condici\u00f3n que pudiera agravarse al saltar en un trampol\u00edn.<\/p>\n<p>Cuidado! \u00a0Usted puede sufrir una herida catastr\u00f3fica, par\u00e1lisis o incluso la muerte en caso de no seguir las reglas. Tenga en cuenta que al seguirlas usted tambi\u00e9n puede sufrir una de las anteriores.<\/p>\n<h3>Exenci\u00f3n de Responsabilidad<\/h3>\n<p>Todos los clientes de Flying Squirrel se encuentran vinculados a la exenci\u00f3n de responsabilidad, la cual se acepta libremente al ingresar al parque.<\/p>\n<ul>\n<li>Se deben usar las medias de trampolines y la manilla de admisi\u00f3n.<\/li>\n<li>No se recomiendan los saltos mortales.<\/li>\n<li>No realice rebote doble.<\/li>\n<li>No se siente o se acueste en los trampolines, almohadillas de seguridad o piscina de espuma.<\/li>\n<li>Utilice ropa apropiada.<\/li>\n<li>No se clave ni realice saltos dobles en la piscina de pelotas ni en el air bag.<\/li>\n<li>Este alerta de los saltadores a su alrededor.<\/li>\n<li>No escale.<\/li>\n<li>No utilice sustancias psicoactivas.<\/li>\n<li>No juegue brusco con los dem\u00e1s.<\/li>\n<li>No corra.<\/li>\n<li>No coma chicle.<\/li>\n<\/ul>\n<h4>REGLAS DE SEGURIDAD DEFINIDAS<\/h4>\n<h3>No se puede correr ni hacer carreras<\/h3>\n<p>No se debe correr en los trampolines ni en las zonas fueras de estos.<\/p>\n<h3>No hacer doble salto<\/h3>\n<p>Hacer un salto doble es riesgoso, puedes lastimar a otros debido a la altura del que puedes alcanzar en el trampol\u00edn. Evita saltar simult\u00e1neamente con otros cerca de ti. Es especialmente peligroso que personas altas hagan doble salto sobre personas de baja estatura.\u00a0<\/p>\n<h3>Siempre cae con ambos pies<\/h3>\n<p>Cuando saltes, asegurate de caer de forma segura sobre tus dos pies. When jumping, be sure to land safely. Landing on one foot may cause serious injury.<\/p>\n<h3>No hacer doble vueltas<\/h3>\n<p>No intentes hacer vueltas dobles de ning\u00fan tipo<\/p>\n<h3>Ning\u00fan comportamiento agresivo<\/h3>\n<p>No empujes, hales, luches o realices otra actividad que pueda interferir con los dem\u00e1s mientras saltan.\u00a0<\/p>\n<h3>No aterrizar en las almohadillas de seguridad<\/h3>\n<p>Always jump near the center of the trampoline. Do not jump directly onto the safety pads, as injury may result.<\/p>\n<h3>No te sientes ni te acuestes<\/h3>\n<p>Never sit on top of the safety pads, or on the trampoline mats. If you need to rest, please exit the court.<\/p>\n<h3>Nivel de destreza<\/h3>\n<p>Attempting maneuvers beyond ones skill may cause serious injury.<\/p>\n<h3>Trucos peligrosos<\/h3>\n<p>Flips and other tricks are dangerous. Perform at your own risk only if you have sufficient skill to avoid injury yourself or others.<\/p>\n<h4>LO QUE NOS HACE SEGUROS<\/h4>\n<h2>FLYING SQUIRREL PARKS<\/h2>\n<h3>Se\u00f1alizaci\u00f3n de seguridad<\/h3>\n<p>Las se\u00f1ales de seguridad est\u00e1n visibles en todo el parque. Nuestro personal te las recordar\u00e1 mientras est\u00e1s en nuestras instalaciones.\u00a0<\/p>\n<h3>Tripulaci\u00f3n de vuelo<\/h3>\n<p>Nuestra tripulaci\u00f3n de vuelo est\u00e1 presente en todo el parque. Ellos hacen cumplir las reglas de seguridad y limpieza, adem\u00e1s te asistir\u00e1n en caso de cualquier lesi\u00f3n.<\/p>\n<h3>Equipo<\/h3>\n<p>Diariamente, semanalmente, mensualmente y semestralmente realizamos inspecciones de rutina para asegurarnos que todo el equipo est\u00e1 en condiciones \u00f3ptimas.\u00a0\u00a0<\/p>\n<h3>Barandillas y Resortes<\/h3>\n<p>Los cubrimientos de espuma y bandas cubren todos los resortes de los trampolines para prevenir que nuestros saltadores tengan alg\u00fan accidente sobre, o entre los resortes o estructuras de acero.<\/p>\n<p>Trampoline shock absorbing suspension mounts, a connection system with a pivoting horizontal bed rail and German gas shock system incorporated directly into the trampoline park framework. When the jumper lands on the safety pads, the shock absorbing system slows the jumper down upon impact to reduce injuries.<\/p>\n<h3>Padded Posts<\/h3>\n<p>All interior columns and posts have padded covers to protect jumpers from injury.<\/p>\n<h3>Park Netting<\/h3>\n<p>No climb netting is placed to separate attractions.<\/p>\n<h3>Espuma de piscinas y Air Bags<\/h3>\n<p>Our courts are engineered with a shock absorbing suspension system. Unlike other trampoline parks, our foam pit\/air bag launch lanes have gas shock absorbers incorporated into the framework of each launch lane. This reduces injuries from jumpers landing on the safety pads that cover the steel frames.<\/p>\n<p>All foam pits and air bags is regularly cleaned and circulated.<\/p>\n<h3>Limpieza<\/h3>\n<p>Our trampoline mats, pads, and platform surfaces are cleaned and disinfected on a daily basis.<\/p>\n<h4>Freestyle Court<\/h4>\n<h2>FREESTYLE COURT<\/h2>\n<ul>\n<li>No running<\/li>\n<li>No sitting or lying down<\/li>\n<li>No double bouncing<\/li>\n<li>No rough-housing<\/li>\n<li>No Tag or similar games<\/li>\n<li>Do not exceed skill level<\/li>\n<li>No intoxication<\/li>\n<li>No jumping while holding hands<\/li>\n<li>Parents cannot carry chldren while jumping<\/li>\n<li>No double flips or gainers (back flips moving forward)<\/li>\n<li>No electronics<\/li>\n<li>Be aware of your surroundings<\/li>\n<\/ul>\n<h4>Dunk Hoops<\/h4>\n<h2>DUNK HOOPS<\/h2>\n<ul>\n<li>No flips<\/li>\n<li>One person per trampoline<\/li>\n<li>No kicking the basketballs<\/li>\n<li>No hanging on the rim<\/li>\n<li>No 1 on 1 games<\/li>\n<li>Do not exceed skill level<\/li>\n<li>No hanging on the hoop net<\/li>\n<li>No cross lane dunking<\/li>\n<li>Be aware of your surroundings<\/li>\n<\/ul>\n<h4>Dodgeball<\/h4>\n<h2>DODGEBALL<\/h2>\n<ul>\n<li>8 jumpers max on each side of the court<\/li>\n<li>Must separate jumpers by size<\/li>\n<li>No kicking the dodgeballs<\/li>\n<li>No sitting on the top of the wall trampolines<\/li>\n<li>No running<\/li>\n<li>Be aware of your surroundings<\/li>\n<li>No flips<\/li>\n<li>No jumping over other people<\/li>\n<li>Be aware that the ages of other may vary; Be age appropriate as you compete<\/li>\n<\/ul>\n<h4>Piscina de Espuma<\/h4>\n<h2>Piscina de espuma<\/h2>\n<ul>\n<li>Only one person at a time per trampoline launch lane<\/li>\n<li>Wait until previous jumper exits the foam pit before jumping<\/li>\n<li>No diving, landing on your stomach, or headfirst entry into the foam pit<\/li>\n<li>No gainers (backflips moving forward)<\/li>\n<li>No double flips<\/li>\n<li>Do not linger in the foam pit<\/li>\n<li>No digging, throwing or playing with the foam cubes<\/li>\n<\/ul>\n<h4>SLACKLINE<\/h4>\n<h2>CUERDA FLOJA<\/h2>\n<ul>\n<li>Una persona al tiempo en la cuerda floja.\u00a0<\/li>\n<li>Espere hasta que salga la persona anterior de la piscina de espuma antes de intentar pasar la cuerda.\u00a0<\/li>\n<li>No corra o salte mientras que pase la cuerda floja.\u00a0<\/li>\n<li>Cuando se caiga o pierda el balance, siempre salte lejos de la cuerda floja.<\/li>\n<li>Nunca se caiga directamente en la cuerda floja.\u00a0<\/li>\n<li>No caiga en su cabeza en la piscina de espuma.<\/li>\n<li>No se quede acostado en la piscina de espuma.<\/li>\n<li>No excave, tire o juegue con los cubos de espuma.\u00a0<\/li>\n<\/ul>\n<h4>BATTLE BEAM<\/h4>\n<h2>BATTLE BEAM<\/h2>\n<ul>\n<li>Only two people at a time on the battle beam<\/li>\n<li>Wait until the previous users has exited the foam pit before starting<\/li>\n<li>Do not fall head first into the foam pit<\/li>\n<li>Keep it friendly and polite<\/li>\n<li>Do not throw battle jousts<\/li>\n<li>Do not linger in the foam pit<\/li>\n<li>No digging, throwing or playing with the foam cubes<\/li>\n<li>No sitting or lying down in the foam pit or on safety padding<\/li>\n<\/ul>\n<h4>FLY ZONE PERFORMANCE RULES (OLYMPICS &#038; SUPER TRAMP)<\/h4>\n<h2>FLY ZONE PERFORMANCE RULES (OLYMPICS &amp; SUPER TRAMP)<\/h2>\n<ul>\n<li>Take extra care when using this court<\/li>\n<li>Trampolines in this area provide superior height and a greater degree of difficulty and risk<\/li>\n<li>Jumpers must be over 125cm in height<\/li>\n<li>Don\u2019t jump or land on safety padding<\/li>\n<li>Don\u2019t attempt any activity beyond your skill level<\/li>\n<li>Only one person on each trampoline at a time<\/li>\n<li>Never land on your head<\/li>\n<li>Wear proper clothing<br \/>Clothing should not get caught or restrict movement<br \/>Long hair must be tied up<br \/>Take off all jewelry<\/li>\n<li>Do not jump off the trampoline: Always do a stop bounce<\/li>\n<li>Always land on two feet at the same time and on the same surface<\/li>\n<li>When falling or landing out of control, always try to land on your feet with a stop bounce or on your back<\/li>\n<li>Avoid seat drop as a bailout<\/li>\n<li>Avoid front drop as a bailout \u2013 roll-out to your back<\/li>\n<li>Never put the arms out when falling (Forward or Backward)<\/li>\n<li>Always tuck your arms in when falling on the trampoline<\/li>\n<li>Do not land with your hands on the trampoline<\/li>\n<li>No landing with your arms back and hands facing back<\/li>\n<\/ul>\n<h4>THE DROP ZONE PERFORMANCE RULES (THE WALL)<\/h4>\n<h2>THE DROP ZONE PERFORMANCE RULES (THE WALL)<\/h2>\n<ul>\n<li>Take extra care when using this court<\/li>\n<li>Trampolines in this area provide superior height and a greater degree of difficulty and risk<\/li>\n<li>Jumpers must be over 125cm in height<\/li>\n<li>Don\u2019t jump or land on safety padding<\/li>\n<li>Don\u2019t attempt any activity beyond your skill level<\/li>\n<li>Only one person on each trampoline at a time<\/li>\n<li>Never land on your head<\/li>\n<li>Wear proper clothing<br \/>Clothing should not get caught or restrict movement<br \/>Long hair must be tied up<br \/>Take off all jewelry<\/li>\n<li>Do not jump off the trampoline: Always do a stop bounce<\/li>\n<li>Always land on two feet at the same time and on the same surface<\/li>\n<li>When falling or landing out of control, always try to land on your feet with a stop bounce or on your back<\/li>\n<li>Avoid seat drop as a bailout<\/li>\n<li>Avoid front drop as a bailout \u2013 roll-out to your back<\/li>\n<li>Never put the arms out when falling (Forward or Backward)<\/li>\n<li>Always tuck your arms in when falling on the trampoline<\/li>\n<li>Do not land with your hands on the trampoline<\/li>\n<li>No landing with your arms back and hands facing back<\/li>\n<li>Only stand on top of the wall when you are actively using one of the wall trampolines<\/li>\n<li>No climbing or scrambling up the wall \u2013 if you can\u2019t run up, develop your skills in other areas first<\/li>\n<\/ul>\n<h4>EXTREME TRAVERSE CLIMBING WALLS<\/h4>\n<h2>EXTREME TRAVERSE CLIMBING WALLS<\/h2>\n<ul>\n<li>Don\u2019t stand on top of the wall<\/li>\n<li>Don\u2019t climb on the back side of the wall or its supports<\/li>\n<li>Don\u2019t stand underneath a climber<\/li>\n<li>Don\u2019t jump off the wall into the foam pit<\/li>\n<li>Don\u2019t cross over to put yourself directly beneath or above another climber<\/li>\n<li>Don\u2019t climb beyond the wall top<\/li>\n<li>Don\u2019t go beyond chest-height to the wall top<\/li>\n<li>Be alert for other climbers beneath you, who may have strayed from their routes<\/li>\n<li>Must exit the wall by climbing down to step into the foam pit or drop padding<\/li>\n<li>Do not linger in the foam pit<\/li>\n<li>No digging, throwing or playing with the foam cubes<\/li>\n<\/ul>\n<h4>EXTREME CLIMBING WALL (HARNESS VERSION)<\/h4>\n<ol>\n<li>Before Your Climb Starts\n<ul>\n<li>After you are hooked into your harness, wait for instructions.<\/li>\n<li>Don&#8217;t step on the auto-belay cable while you wait to start.<\/li>\n<\/ul>\n<\/li>\n<li>During Your climb\n<ul>\n<li>Stay on the climbing route for your lane<\/li>\n<li>Don\u2019t cross over to put yourself directly beneath or above another climber<\/li>\n<li>Don\u2019t climb beyond the wall top<\/li>\n<li>Don\u2019t go beyond chest-height to the wall top<\/li>\n<\/ul>\n<\/li>\n<li>During Your Rappel Down\n<ul>\n<li>Don\u2019t kick off more than 6 or 8 feet from the wall during your rappel down<\/li>\n<li>Descend straight down, and don\u2019t swing too close to other climbers<\/li>\n<li>Be alert for other climbers beneath you, who may have strayed from their routes<\/li>\n<\/ul>\n<\/li>\n<li>At the End of Your Climb\n<ul>\n<li>When you are lowered to the ground at the end of the climb, land on your feet<\/li>\n<li>After your climb is complete, wait for us to unhook you<\/li>\n<li>Once you have been unhooked, the staff will remove your harness<\/li>\n<li>Please do not try to remove the harness yourself<\/li>\n<\/ul>\n<\/li>\n<\/ol>\n<h4>CLIMBING WALL SPECIAL SITUATIONS<\/h4>\n<h2>CLIMBING WALL SPECIAL SITUATIONS<\/h2>\n<ol>\n<li>Climber Frozen at Top\n<ul>\n<li>Ask the climber to stay calm. Say that you are going to come up and help him or her down.<\/li>\n<li>Put on a harness.<\/li>\n<li>As the climber next to the frozen climber finishes his or her climb, clip into the Auto-Belay cable and climb the wall.<\/li>\n<li>When you reach the frozen climber, show the climber the climbing holds to climb down.<\/li>\n<li>NOTE: Encouraging the climber to rappel down generally will not work.<\/li>\n<\/ul>\n<\/li>\n<li>Climber Reports Discomfort\n<ul>\n<li>Ask the climber to stay calm. Ask the climber if he or she is comfortable rappelling down. If so, then ask him or her to do so. (If not, follow the procedure for \u201cClimber frozen at top,\u201d above.)<\/li>\n<li>If the problem is with the climber\u2019s harness comfort, then adjust the harness, and let the climber begin climbing again.<\/li>\n<li>If a climber is unable to resume for whatever reason, unhook and send the climber back to the harness area.<\/li>\n<\/ul>\n<\/li>\n<li>Climber Is Intentionally Reckless\n<ul>\n<li>Ask the climber to take it easy. If he or she persists:<\/li>\n<li>If you do not believe adjacent climbers would be endangered, tell the reckless climber to rappel down or climb down now; or<\/li>\n<li>If you believe other climbers might be endangered, tell the reckless climber to freeze at his or her position, and ask the other adjacent climbers to rappel down first (you can let them restart once the reckless climber is removed from the wall.) Then, tell the reckless climber to either rappel down or climb down.<\/li>\n<li>Unhook the climber and send the climber to the harness area.<\/li>\n<\/ul>\n<\/li>\n<li>Climber Too Light to Rappel Down\n<ul>\n<li>Ask the climber to stay calm.<\/li>\n<li>Put on a harness.<\/li>\n<li>As the climber, next to the frozen climber finishes his or her climb, clip onto the Auto-Belay cable and climb the wall.<\/li>\n<li>When you reach the climber, grab his or her Auto-Belay cable. Then your weight and the climber\u2019s weight will cause both of you to rappel down.<\/li>\n<\/ul>\n<\/li>\n<li>Auto-Belay Cable Retracts to Top of Wall\n<ul>\n<li>Put on a harness.<\/li>\n<li>Clip onto an Auto-Belay cable and climb the wall.<\/li>\n<li>Grab the loose Auto-Belay cable and bring it down. When you get to the bottom, attach it to the bolt hanger at the bottom of the wall.<\/li>\n<\/ul>\n<\/li>\n<\/ol>\n<h4>PARKOUR PARK<\/h4>\n<h2>PARKOUR PARK<\/h2>\n<ul>\n<li>Only attempt obstacles within your skill level<\/li>\n<li>No double flips or gainers (forward moving backflip)<\/li>\n<li>Watch out for other participants at all times to ensure adequate spacing<\/li>\n<li>Don\u2019t jump off or climb on fencing<\/li>\n<\/ul>\n<h4>Horarios<\/h4>\n<table>\n<colgroup>\n<col \/>\n<col \/> <\/colgroup>\n<tbody>\n<tr>\n<td>Domingo &#8211; Jueves<\/td>\n<td>10:00 am &#8211; 10:00 pm<\/td>\n<\/tr>\n<tr>\n<td>Viernes &#8211; Sabado<\/td>\n<td>10:00 am &#8211; Midnight<\/td>\n<\/tr>\n<\/tbody>\n<\/table>\n<h4>Follow Us<\/h4>\n<p>You can follow Flying Squirrel Colombia on all major social platforms. News, contests and special offers are announced on these platforms.<\/p>\n<h4>Locations<\/h4>\n<p><a href=\"https:\/\/flyingsquirrelsports.pe\/lima-peru\/\">Medell\u00edn<\/a><br \/>\n<a href=\"https:\/\/flyingsquirrelsports.pe\/coming-soon\/\">Bogota<\/a><br \/>\n<a href=\"https:\/\/flyingsquirrelsports.pe\/coming-soon\/\">Cali<\/a><br \/>\n<a href=\"https:\/\/flyingsquirrelsports.pe\/coming-soon\/\">Bucaramanga<\/a><br \/>\n<a href=\"https:\/\/flyingsquirrelsports.pe\/coming-soon\/\">Baranquilla<\/a><br \/>\n<a href=\"https:\/\/flyingsquirrelsports.pe\/coming-soon\/\">Ibague<\/a><\/p>\n<p><a href=\"https:\/\/flyingsquirrelsports.pe\/lima-peru\/employment\">Employment<\/a><\/p>\n<p>\t\t\t\t<img decoding=\"async\" src=\"https:\/\/flyingsquirrelsports.pe\/calgary-alberta\/wp-content\/uploads\/sites\/3\/2018\/09\/IAAPA.png\" alt=\"IAAPA\" itemprop=\"image\" title=\"IAAPA\" onerror=\"this.style.display='none'\"  \/><br \/>\n\t\t\t\t<img decoding=\"async\" src=\"https:\/\/flyingsquirrelsports.pe\/calgary-alberta\/wp-content\/uploads\/sites\/3\/2018\/09\/iatpremovedwhite.png\" alt=\"iatpremovedwhite\" itemprop=\"image\" title=\"iatpremovedwhite\" onerror=\"this.style.display='none'\"  \/><\/p>\n","protected":false},"excerpt":{"rendered":"<p>Menu Colombia Home Medell\u00edn Tickets Parties Extras Sobre Nosotros Safety Attractions FAQ Restaurant Menu Invitations Employment Contact Seguridad La seguridad es nuestra prioridad n\u00famero uno en Flying Squirrel Sports. Nuestras atracciones est\u00e1n dentro de las mas seguras en la industria, el parque utiliza un sistema de seguridad de impacto en trampolines patentado por nosotros. Este&hellip;<\/p>\n","protected":false},"author":3,"featured_media":0,"parent":0,"menu_order":0,"comment_status":"closed","ping_status":"closed","template":"tpl-no-header-footer.php","meta":{"footnotes":""},"class_list":["post-265","page","type-page","status-publish","hentry"],"_links":{"self":[{"href":"https:\/\/flyingsquirrelsports.pe\/lima-peru\/wp-json\/wp\/v2\/pages\/265","targetHints":{"allow":["GET"]}}],"collection":[{"href":"https:\/\/flyingsquirrelsports.pe\/lima-peru\/wp-json\/wp\/v2\/pages"}],"about":[{"href":"https:\/\/flyingsquirrelsports.pe\/lima-peru\/wp-json\/wp\/v2\/types\/page"}],"author":[{"embeddable":true,"href":"https:\/\/flyingsquirrelsports.pe\/lima-peru\/wp-json\/wp\/v2\/users\/3"}],"replies":[{"embeddable":true,"href":"https:\/\/flyingsquirrelsports.pe\/lima-peru\/wp-json\/wp\/v2\/comments?post=265"}],"version-history":[{"count":0,"href":"https:\/\/flyingsquirrelsports.pe\/lima-peru\/wp-json\/wp\/v2\/pages\/265\/revisions"}],"wp:attachment":[{"href":"https:\/\/flyingsquirrelsports.pe\/lima-peru\/wp-json\/wp\/v2\/media?parent=265"}],"curies":[{"name":"wp","href":"https:\/\/api.w.org\/{rel}","templated":true}]}}