{"id":46,"date":"2018-08-10T15:32:10","date_gmt":"2018-08-10T15:32:10","guid":{"rendered":"https:\/\/flyingsquirrelsports.pe\/calgary-alberta\/?page_id=46"},"modified":"2019-07-30T16:15:17","modified_gmt":"2019-07-30T16:15:17","slug":"about","status":"publish","type":"page","link":"https:\/\/flyingsquirrelsports.pe\/lima-peru\/about\/","title":{"rendered":"Sobre Nosotros"},"content":{"rendered":"\n\t\tMenu\t\t\t\n\t\t\t\t\t<ul id=\"menu-main-navigation\"><li id=\"menu-item-413\"><a href=\"https:\/\/flyingsquirrelsports.pe\">Peru Home<\/a><\/li>\n<li id=\"menu-item-40\"><a href=\"https:\/\/flyingsquirrelsports.pe\/lima-peru\/\">Lima<\/a><\/li>\n<li id=\"menu-item-412\"><a href=\"https:\/\/flyingsquirrelsports.pe\/lima-peru\/tickets\/\">Boletos de Entrada<\/a><\/li>\n<li id=\"menu-item-411\"><a href=\"https:\/\/flyingsquirrelsports.pe\/lima-peru\/parties\/\">Fiestas<\/a><\/li>\n<li id=\"menu-item-877\"><a href=\"#\">Renuncia<\/a><\/li>\n<li id=\"menu-item-249\"><a href=\"#\">Extras<\/a>\n<ul>\n\t<li id=\"menu-item-47\"><a href=\"https:\/\/flyingsquirrelsports.pe\/lima-peru\/about\/\">Sobre Nosotros<\/a><\/li>\n\t<li id=\"menu-item-266\"><a href=\"https:\/\/flyingsquirrelsports.pe\/lima-peru\/safety\/\">Seguridad<\/a><\/li>\n\t<li id=\"menu-item-320\"><a href=\"https:\/\/flyingsquirrelsports.pe\/lima-peru\/attractions\/\">Atracciones<\/a><\/li>\n\t<li id=\"menu-item-248\"><a href=\"https:\/\/flyingsquirrelsports.pe\/lima-peru\/faq\/\">Preguntas Frecuentes<\/a><\/li>\n\t<li id=\"menu-item-253\"><a href=\"https:\/\/flyingsquirrelsports.pe\/lima-peru\/restaurant-menu\/\">Men\u00fa Restaurante<\/a><\/li>\n\t<li id=\"menu-item-258\"><a href=\"https:\/\/flyingsquirrelsports.pe\/lima-peru\/party-invitations\/\">Invitaciones<\/a><\/li>\n\t<li id=\"menu-item-267\"><a href=\"https:\/\/flyingsquirrelsports.pe\/lima-peru\/employment\/\">\u00bfQuieres trabajar con nosotros?<\/a><\/li>\n\t<li id=\"menu-item-36\"><a href=\"https:\/\/flyingsquirrelsports.pe\/lima-peru\/contact-us\/\">Cont\u00e1ctanos<\/a><\/li>\n<\/ul>\n<\/li>\n<\/ul>\t\n\t<link href=\"https:\/\/fonts.googleapis.com\/css?family=Roboto+Condensed:400,700\" rel=\"stylesheet\">\n    <h1>Sobre Nosotros<\/h1>\n    <p>Flying Squirrel Sports es verdadera diversi\u00f3n para toda la familia, aqui las leyes gravitacionales no existen! Zona recreativa llena de trampolines como nunca lo has visto antes. Sin importar si eres amante de la adrenalina, o vienes a disfrutar con tus ni\u00f1os, te divertiras sin l\u00edmite en Flying Squirrel .<\/p>\n    <p>Nuestra misi\u00f3n es ofrecer lo mejor en servicios de trampolines, y lo hacemos de muchas formas.  Forma tu equipo de ponchados, encesta como un deportista profesional, practica acrobacias a\u00e9reas, todo esto y mucho mas.<\/p>\n    <p>Estamos orgullosos de tener las mejores instalaciones en parques de diversiones de trampolines, y as\u00ed no solo garantizamos que todos la pasen bien, tambi\u00e9n que todos est\u00e8n seguros y comodos en nuestro parque. Es importante para nosotros cumplir con estrictas normas de higiene, por eso limpiamos todos los equipos y elementos con soluciones antibacteriales cada noche.<\/p>\n    <p>\u00bfNo tienes ganas de saltar? no te preocupes, descansa en nuestra \u00e1rea de comidas y bebidas (me guardas un pedazo de pizza !) O relajate en nuestro espacio de descanso con acceso a Wifi, disfruta el espectaculo de personas saltando a tu alrededor.<\/p>\n    <p>En Flying Squirrel es nuestra misi\u00f3n crear un ambiente de divers\u00f3n para cualquiera que entre al parque. Atrevete a conocer nuestras instalaciones y pregunta los servicios que ofrecemos, reserva tu evento o planea tu proxima visita!. Si tienes preguntas, contactanos en cualquier momento, estaremos felices de ayudarte. Nos vemos pronto !. <\/p>\n\t<link href=\"https:\/\/fonts.googleapis.com\/css?family=Roboto+Condensed:400,700\" rel=\"stylesheet\">\n    <h1>Our App<\/h1>\n    <p>Interested in extra savings?<\/p>\n    <p>We have our very own App which you can find on the Google Play or Apple App Store.<\/p>\n    <p>Redeem coupons and stay up to date with the latest rewards we have to offer.<\/p>\n    <a href=\"https:\/\/itunes.apple.com\/us\/app\/flying-squirrel-calgary\/id991237621?mt=8\" target=_blank rel=\"noopener noreferrer\"><img decoding=\"async\" src=\"https:\/\/flyingsquirrelsports.us\/calgary-alberta\/wp-content\/uploads\/sites\/2\/2018\/09\/macstore.png\"><\/a>\n<a href=\"https:\/\/play.google.com\/store\/apps\/details?id=com.highrevapplications.flyingsquirrel\" target=_blank rel=\"noopener noreferrer\"><img decoding=\"async\" src=\"https:\/\/flyingsquirrelsports.us\/calgary-alberta\/wp-content\/uploads\/sites\/2\/2018\/09\/googlestore.png\"><\/a>\n    <h1>Health and Safety<\/h1>\n    <p>Flying Squirrel uses the most advanced trampoline park system in the world when it comes to safety.<\/p>\n    <p>Custom German gas shock absorbers and high-density polyethylene parts provide durability and life longevity.<\/p>\n    <p>All parts are made in the USA and are made of the highest quality materials.  Safety of our jumpers will always be the first priority at all of our locations.<\/p>\n    <p>Check out our new safety video below!<\/p>\n\t<iframe loading=\"lazy\" src=\"https:\/\/player.vimeo.com\/video\/304466264\" width=\"640\" height=\"360\" frameborder=\"0\" webkitallowfullscreen mozallowfullscreen allowfullscreen><\/iframe>\n\t<link href=\"https:\/\/fonts.googleapis.com\/css?family=Roboto+Condensed:400,700\" rel=\"stylesheet\">\n    <h1>Benefits<\/h1>\n    <p>Coraz\u00f3n  <br>Un estudio realizado por la Nasa encontr\u00f3 que 10 minutos de saltos en un trampolin es un ejercicio cardiovascular mas efectivo que 33 minutos trotando.<\/p>\n    <p>Metabolismo  <br>Saltar en trampolin regularmente puede ayudar a incrementar la velocidad metab\u00f3lica de tu cuerpo y su capacidad para quemar calorias de forma mas eficiente.<\/p>\n    <p>Musculo  <br>&#8220;Los musculos que coordinan tu equilibrio est\u00e1n constantemente trabajando para mantenerte estable, lo que significa un abdomen tenso y fuerte al igual que la espalda baja.&#8221; ~ John Beere<\/p>\n    <p>Estr\u00e9s  <br>Ejercitarte en un trampolin puede ayudar a reducir el riesgo de afecciones \u00f3seas como huesos fragiles, fracturas y osteoporosis. <\/p>\n    <p>Balance  <br>Saltar en trampolin aumenta la conciencia de tu cuerpo al igual que tu sentido de balance y coordinaci\u00f3n. <\/p>\n    <p>Depresi\u00f3n  <br>Saltar en trampolin puede ayudar a combatir sintomas de depresi\u00f3n, ansiedad y estres mediante el incremento de endorfina liberada por el cerebro.<\/p>\n\t<h4>Horarios<\/h4>\n<table>\n<colgroup>\n<col \/>\n<col \/> <\/colgroup>\n<tbody>\n<tr>\n<td>Coming Soon<\/td>\n<td>Coming Soon<\/td>\n<\/tr>\n<tr>\n<td>Coming Soon<\/td>\n<td>Coming Soon<\/td>\n<\/tr>\n<\/tbody>\n<\/table>\n\t<h4>Follow Us<\/h4>\n<p>You can follow Flying Squirrel Peru on all major social platforms. News, contests and special offers are announced on these platforms.<\/p>\n\t<h4>Locations<\/h4>\n<p><a href=\"https:\/\/flyingsquirrelsports.pe\/lima-peru\/\">Lima<\/a><\/p>\n<p><a href=\"https:\/\/flyingsquirrelsports.pe\/lima-peru\/employment\">Employment<\/a><\/p>\n\t\t\t\t<img decoding=\"async\" src=\"https:\/\/flyingsquirrelsports.pe\/calgary-alberta\/wp-content\/uploads\/sites\/3\/2018\/09\/IAAPA.png\" alt=\"IAAPA\" itemprop=\"image\" title=\"IAAPA\" onerror=\"this.style.display='none'\"  \/>\n\t\t\t\t<img decoding=\"async\" src=\"https:\/\/flyingsquirrelsports.pe\/calgary-alberta\/wp-content\/uploads\/sites\/3\/2018\/09\/iatpremovedwhite.png\" alt=\"iatpremovedwhite\" itemprop=\"image\" title=\"iatpremovedwhite\" onerror=\"this.style.display='none'\"  \/>\n","protected":false},"excerpt":{"rendered":"<p>Menu Peru Home Lima Boletos de Entrada Fiestas Renuncia Extras Sobre Nosotros Seguridad Atracciones Preguntas Frecuentes Men\u00fa Restaurante Invitaciones \u00bfQuieres trabajar con nosotros? Cont\u00e1ctanos Sobre Nosotros Flying Squirrel Sports es verdadera diversi\u00f3n para toda la familia, aqui las leyes gravitacionales no existen! Zona recreativa llena de trampolines como nunca lo has visto antes. Sin importar&hellip;<\/p>\n","protected":false},"author":3,"featured_media":0,"parent":0,"menu_order":0,"comment_status":"closed","ping_status":"closed","template":"tpl-no-header-footer.php","meta":{"footnotes":""},"class_list":["post-46","page","type-page","status-publish","hentry"],"_links":{"self":[{"href":"https:\/\/flyingsquirrelsports.pe\/lima-peru\/wp-json\/wp\/v2\/pages\/46","targetHints":{"allow":["GET"]}}],"collection":[{"href":"https:\/\/flyingsquirrelsports.pe\/lima-peru\/wp-json\/wp\/v2\/pages"}],"about":[{"href":"https:\/\/flyingsquirrelsports.pe\/lima-peru\/wp-json\/wp\/v2\/types\/page"}],"author":[{"embeddable":true,"href":"https:\/\/flyingsquirrelsports.pe\/lima-peru\/wp-json\/wp\/v2\/users\/3"}],"replies":[{"embeddable":true,"href":"https:\/\/flyingsquirrelsports.pe\/lima-peru\/wp-json\/wp\/v2\/comments?post=46"}],"version-history":[{"count":0,"href":"https:\/\/flyingsquirrelsports.pe\/lima-peru\/wp-json\/wp\/v2\/pages\/46\/revisions"}],"wp:attachment":[{"href":"https:\/\/flyingsquirrelsports.pe\/lima-peru\/wp-json\/wp\/v2\/media?parent=46"}],"curies":[{"name":"wp","href":"https:\/\/api.w.org\/{rel}","templated":true}]}}